{"id":145,"date":"2025-01-06T12:22:04","date_gmt":"2025-01-06T12:22:04","guid":{"rendered":"https:\/\/turnocontrol.com\/?page_id=145"},"modified":"2025-01-15T17:58:28","modified_gmt":"2025-01-15T17:58:28","slug":"quien","status":"publish","type":"page","link":"http:\/\/turnocontrol.com\/?page_id=145","title":{"rendered":"Quienes Somos"},"content":{"rendered":"<p>[et_pb_section fb_built=&#8221;1&#8243; admin_label=&#8221;Header&#8221; _builder_version=&#8221;4.27.4&#8243; _module_preset=&#8221;default&#8221; background_color=&#8221;#f6f7fb&#8221; custom_margin_tablet=&#8221;&#8221; custom_margin_phone=&#8221;&#8221; custom_margin_last_edited=&#8221;on|phone&#8221; global_colors_info=&#8221;{}&#8221; custom_padding=&#8221;||0px|||&#8221;][et_pb_row column_structure=&#8221;1_2,1_2&#8243; custom_padding_last_edited=&#8221;on|phone&#8221; _builder_version=&#8221;4.27.4&#8243; _module_preset=&#8221;default&#8221; background_color=&#8221;#FFFFFF&#8221; z_index=&#8221;11&#8243; custom_padding=&#8221;33px|60px|33px|60px|true|true&#8221; custom_padding_tablet=&#8221;30px|30px|30px|30px|true|true&#8221; custom_padding_phone=&#8221;20px|20px|20px|20px|true|true&#8221; box_shadow_style=&#8221;preset3&#8243; box_shadow_horizontal=&#8221;30px&#8221; box_shadow_vertical=&#8221;60px&#8221; box_shadow_blur=&#8221;80px&#8221; box_shadow_spread=&#8221;0px&#8221; box_shadow_color=&#8221;rgba(46,52,81,0.1)&#8221; global_colors_info=&#8221;{}&#8221;][et_pb_column type=&#8221;1_2&#8243; _builder_version=&#8221;4.16&#8243; _module_preset=&#8221;default&#8221; global_colors_info=&#8221;{}&#8221;][et_pb_image src=&#8221;http:\/\/turnocontrol.com\/wp-content\/uploads\/2025\/01\/Cristian_400.jpg&#8221; title_text=&#8221;Cristian_400&#8243; show_bottom_space_tablet=&#8221;&#8221; show_bottom_space_phone=&#8221;&#8221; show_bottom_space_last_edited=&#8221;on|tablet&#8221; align_tablet=&#8221;center&#8221; align_phone=&#8221;center&#8221; align_last_edited=&#8221;on|phone&#8221; _builder_version=&#8221;4.27.4&#8243; _module_preset=&#8221;default&#8221; transform_scale=&#8221;94%|94%&#8221; transform_translate=&#8221;-14px|-8px&#8221; custom_margin=&#8221;|||0px|false|false&#8221; custom_margin_tablet=&#8221;|||0px|false|false&#8221; custom_margin_phone=&#8221;|||0px|false|false&#8221; custom_margin_last_edited=&#8221;on|desktop&#8221; global_colors_info=&#8221;{}&#8221;][\/et_pb_image][et_pb_text _builder_version=&#8221;4.27.4&#8243; _module_preset=&#8221;b0bf5418-994a-43d1-aef8-7d7c6764119d&#8221; header_font=&#8221;Montserrat|800|||||||&#8221; header_text_color=&#8221;#000000&#8243; header_font_size=&#8221;80px&#8221; header_letter_spacing=&#8221;1px&#8221; header_line_height=&#8221;1.2em&#8221; custom_margin=&#8221;-24px||0px|0px|false|false&#8221; custom_margin_tablet=&#8221;-24px||0px|0px|false|false&#8221; custom_margin_phone=&#8221;-24px||0px|0px|false|false&#8221; custom_margin_last_edited=&#8221;on|phone&#8221; header_font_size_tablet=&#8221;40px&#8221; header_font_size_phone=&#8221;24px&#8221; header_font_size_last_edited=&#8221;on|desktop&#8221; text_orientation_tablet=&#8221;center&#8221; text_orientation_phone=&#8221;center&#8221; text_orientation_last_edited=&#8221;on|desktop&#8221; locked=&#8221;off&#8221; global_colors_info=&#8221;{}&#8221;]<\/p>\n<h1>Quien\u00e9s Somos<\/h1>\n<p>[\/et_pb_text][\/et_pb_column][et_pb_column type=&#8221;1_2&#8243; _builder_version=&#8221;4.27.4&#8243; _module_preset=&#8221;default&#8221; global_colors_info=&#8221;{}&#8221;][et_pb_text _builder_version=&#8221;4.27.4&#8243; _module_preset=&#8221;2e1ca0a8-a515-4ca3-8814-65eea4b82393&#8243; text_line_height=&#8221;2em&#8221; locked=&#8221;off&#8221; global_colors_info=&#8221;{}&#8221;]<\/p>\n<p style=\"text-align: justify;\"><span><strong>TurnoControl<\/strong> nace como una empresa especializada en la fabricaci\u00f3n de sistemas para el control de colas. A lo largo de estos a\u00f1os, hemos construido una s\u00f3lida red de clientes, nuestro activo m\u00e1s importante, a quienes ofrecemos productos de calidad que responden a las demandas del mercado actual.<\/span><span><\/span><\/p>\n<p style=\"text-align: justify;\"><span>Con el tiempo, nuestras l\u00edneas de productos se han ampliado, incluyendo <\/span><span><strong>pantallas de turno<\/strong><\/span><span>, <\/span><span><strong>expendedores de tiquets<\/strong><\/span><span>, <\/span><span><strong>sistemas de gesti\u00f3n de colas<\/strong><\/span><span>, <\/span><span><strong>postes con cinta retr\u00e1ctil<\/strong><\/span><span>, <\/span><span><strong>cruces de farmacia<\/strong><\/span><span>, <\/span><span><strong>marcadores deportivos<\/strong><\/span><span>, <\/span><span><strong>cronos<\/strong><\/span><span>, <\/span><span><strong>relojes<\/strong><\/span><span>, <\/span><span><strong>medidores de temperatura y humedad<\/strong><\/span><span>, y <\/span><span><strong>pantallas para producci\u00f3n<\/strong><\/span><span>.<\/span><\/p>\n<p style=\"text-align: justify;\"><span>Nuestros clientes forman una red de distribuci\u00f3n nacional e internacional, permiti\u00e9ndonos llegar a comercios, industrias y administraciones p\u00fablicas.<\/span><\/p>\n<p style=\"text-align: justify;\"><span>Trabajamos constantemente en una renovaci\u00f3n completa de nuestras l\u00edneas de productos, incorporando <\/span><span><strong>sistemas para TV<\/strong><\/span><span>, <\/span><span><strong>impresoras Touch<\/strong><\/span><span>, y <\/span><span><strong>pantallas LED multifunci\u00f3n y full color<\/strong><\/span><span>.<\/span><\/p>\n<p style=\"text-align: justify;\"><span>Nuestra visi\u00f3n es desarrollar sistemas simples, f\u00e1ciles de implementar, aprovechando la experiencia adquirida a lo largo de estos a\u00f1os para seguir ofreciendo soluciones innovadoras y eficaces.<\/span><\/p>\n<p>[\/et_pb_text][\/et_pb_column][\/et_pb_row][et_pb_row _builder_version=&#8221;4.27.4&#8243; _module_preset=&#8221;default&#8221; background_color=&#8221;#FFFFFF&#8221; global_colors_info=&#8221;{}&#8221;][et_pb_column type=&#8221;4_4&#8243; _builder_version=&#8221;4.27.4&#8243; _module_preset=&#8221;default&#8221; global_colors_info=&#8221;{}&#8221;][et_pb_text _builder_version=&#8221;4.27.4&#8243; _module_preset=&#8221;default&#8221; text_line_height=&#8221;2em&#8221; background_color=&#8221;RGBA(255,255,255,0)&#8221; custom_margin=&#8221;|60px||60px|false|false&#8221; custom_margin_tablet=&#8221;|30px||30px|false|false&#8221; custom_margin_phone=&#8221;|20px||20px|false|false&#8221; custom_margin_last_edited=&#8221;on|desktop&#8221; custom_padding=&#8221;||2px|||&#8221; global_colors_info=&#8221;{}&#8221;]<\/p>\n<p data-pm-slice=\"1 1 []\" style=\"text-align: justify;\"><span><strong>Productos Vers\u00e1tiles para M\u00faltiples Aplicaciones<\/strong><\/span><span> En TurnoControl dise\u00f1amos soluciones innovadoras que destacan por su adaptabilidad y funcionalidad. Un ejemplo de ello es la <\/span><span><strong>MaxiTurn RGB<\/strong><\/span><span>, un sistema avanzado que combina tecnolog\u00eda de \u00faltima generaci\u00f3n, dise\u00f1o intuitivo y una experiencia visual \u00f3ptima. Este producto es ideal para gestionar turnos de manera eficiente, facilitando la comunicaci\u00f3n visual y mejorando la experiencia del cliente en cualquier entorno.<\/span><\/p>\n<p>[\/et_pb_text][\/et_pb_column][\/et_pb_row][et_pb_row _builder_version=&#8221;4.27.4&#8243; _module_preset=&#8221;default&#8221; custom_padding=&#8221;0px||0px||true|&#8221; global_colors_info=&#8221;{}&#8221;][et_pb_column type=&#8221;4_4&#8243; _builder_version=&#8221;4.27.4&#8243; _module_preset=&#8221;default&#8221; global_colors_info=&#8221;{}&#8221;][et_pb_video src=&#8221;http:\/\/turnocontrol.com\/wp-content\/uploads\/2025\/01\/MaxiTurnRGB.mp4&#8243; image_src=&#8221;http:\/\/turnocontrol.com\/wp-content\/uploads\/2025\/01\/0062.png&#8221; _builder_version=&#8221;4.27.4&#8243; _module_preset=&#8221;default&#8221; global_colors_info=&#8221;{}&#8221;][\/et_pb_video][\/et_pb_column][\/et_pb_row][\/et_pb_section][et_pb_section fb_built=&#8221;1&#8243; admin_label=&#8221;Value Props&#8221; _builder_version=&#8221;4.16&#8243; _module_preset=&#8221;default&#8221; background_color=&#8221;#f6f7fb&#8221; global_colors_info=&#8221;{}&#8221; custom_padding=&#8221;||0px|||&#8221;][et_pb_row column_structure=&#8221;1_4,1_4,1_4,1_4&#8243; use_custom_gutter=&#8221;on&#8221; gutter_width=&#8221;2&#8243; _builder_version=&#8221;4.16&#8243; _module_preset=&#8221;default&#8221; global_colors_info=&#8221;{}&#8221;][et_pb_column type=&#8221;1_4&#8243; _builder_version=&#8221;4.16&#8243; _module_preset=&#8221;default&#8221; global_colors_info=&#8221;{}&#8221;][et_pb_blurb title=&#8221;Dise\u00f1o electr\u00f3nico propio&#8221; use_icon=&#8221;on&#8221; font_icon=&#8221;&#xf2db;||fa||900&#8243; icon_color=&#8221;#43d7b9&#8243; _builder_version=&#8221;4.27.4&#8243; _module_preset=&#8221;default&#8221; header_font=&#8221;Montserrat|700|||||||&#8221; header_text_color=&#8221;#000000&#8243; header_font_size=&#8221;16px&#8221; header_line_height=&#8221;1.2em&#8221; body_line_height=&#8221;2em&#8221; text_orientation=&#8221;center&#8221; header_font_size_tablet=&#8221;14px&#8221; header_font_size_phone=&#8221;&#8221; header_font_size_last_edited=&#8221;on|phone&#8221; locked=&#8221;off&#8221; global_colors_info=&#8221;{%22gcid-87ce0c3f-2a7b-40dd-8a42-4148be75d651%22:%91%93}&#8221;]<\/p>\n<p style=\"text-align: center;\">Permite crear soluciones \u00fanicas y personalizadas, adaptadas a necesidades espec\u00edficas. Combinando creatividad y experiencia, garantiza originalidad y eficiencia en cada proyecto.<\/p>\n<p>[\/et_pb_blurb][\/et_pb_column][et_pb_column type=&#8221;1_4&#8243; _builder_version=&#8221;4.16&#8243; _module_preset=&#8221;default&#8221; global_colors_info=&#8221;{}&#8221;][et_pb_blurb title=&#8221;Personas de Verdad, Servicio de Verdad&#8221; use_icon=&#8221;on&#8221; font_icon=&#8221;&#xe066;||divi||400&#8243; icon_color=&#8221;#ffc42b&#8221; _builder_version=&#8221;4.27.4&#8243; _module_preset=&#8221;default&#8221; header_font=&#8221;Montserrat|700|||||||&#8221; header_text_color=&#8221;#000000&#8243; header_font_size=&#8221;16px&#8221; header_line_height=&#8221;1.2em&#8221; body_line_height=&#8221;2em&#8221; text_orientation=&#8221;center&#8221; header_font_size_tablet=&#8221;14px&#8221; header_font_size_phone=&#8221;&#8221; header_font_size_last_edited=&#8221;on|phone&#8221; locked=&#8221;off&#8221; global_colors_info=&#8221;{%22gcid-431bd12a-5227-4536-9132-2528c0596703%22:%91%93}&#8221;]<\/p>\n<p style=\"text-align: center;\">Nuestro compromiso se basa en la cercan\u00eda y la autenticidad. Aqu\u00ed no encontrar\u00e1s respuestas autom\u00e1ticas, sino un equipo humano dispuesto a escucharte, entenderte y ofrecerte soluciones reales. Porque creemos que un buen servicio comienza con personas que se preocupan de verdad.<\/p>\n<p>[\/et_pb_blurb][\/et_pb_column][et_pb_column type=&#8221;1_4&#8243; _builder_version=&#8221;4.16&#8243; _module_preset=&#8221;default&#8221; global_colors_info=&#8221;{}&#8221;][et_pb_blurb title=&#8221;Soporte y Atenci\u00f3n Especializada&#8221; use_icon=&#8221;on&#8221; font_icon=&#8221;&#xe035;||divi||400&#8243; icon_color=&#8221;#751fff&#8221; _builder_version=&#8221;4.27.4&#8243; _module_preset=&#8221;default&#8221; header_font=&#8221;Montserrat|700|||||||&#8221; header_text_color=&#8221;#000000&#8243; header_font_size=&#8221;16px&#8221; header_line_height=&#8221;1.2em&#8221; body_line_height=&#8221;2em&#8221; text_orientation=&#8221;center&#8221; header_font_size_tablet=&#8221;14px&#8221; header_font_size_phone=&#8221;&#8221; header_font_size_last_edited=&#8221;on|phone&#8221; locked=&#8221;off&#8221; global_colors_info=&#8221;{%22gcid-87cad038-7afd-4dda-acb0-0a24d4ccd112%22:%91%93}&#8221;]<\/p>\n<p style=\"text-align: center;\">Brindamos un servicio dedicado y profesional, enfocado en resolver tus necesidades con precisi\u00f3n y cuidado. Nuestro equipo combina experiencia y compromiso para ofrecerte soluciones personalizadas y de alta calidad.<\/p>\n<p>[\/et_pb_blurb][\/et_pb_column][et_pb_column type=&#8221;1_4&#8243; _builder_version=&#8221;4.16&#8243; _module_preset=&#8221;default&#8221; global_colors_info=&#8221;{}&#8221;][et_pb_blurb title=&#8221;Adaptables&#8221; use_icon=&#8221;on&#8221; font_icon=&#8221;&#xf1de;||fa||900&#8243; icon_color=&#8221;#fd6602&#8243; _builder_version=&#8221;4.27.4&#8243; _module_preset=&#8221;default&#8221; header_font=&#8221;Montserrat|700|||||||&#8221; header_text_color=&#8221;#000000&#8243; header_font_size=&#8221;16px&#8221; header_line_height=&#8221;1.2em&#8221; body_line_height=&#8221;2em&#8221; text_orientation=&#8221;center&#8221; header_font_size_tablet=&#8221;14px&#8221; header_font_size_phone=&#8221;&#8221; header_font_size_last_edited=&#8221;on|phone&#8221; locked=&#8221;off&#8221; global_colors_info=&#8221;{%22gcid-70e8f1e6-78eb-4f52-a811-0c9b614afdc2%22:%91%93}&#8221;]<\/p>\n<p style=\"text-align: center;\">La adaptabilidad es nuestra fortaleza. Entendemos que cada persona y cada proyecto es \u00fanico, por eso ajustamos nuestras soluciones a tus necesidades espec\u00edficas. Estamos aqu\u00ed para evolucionar contigo, ofreciendo flexibilidad y compromiso en cada paso del camino.<\/p>\n<p>[\/et_pb_blurb][\/et_pb_column][\/et_pb_row][\/et_pb_section][et_pb_section fb_built=&#8221;1&#8243; admin_label=&#8221;Testimonials&#8221; _builder_version=&#8221;4.16&#8243; _module_preset=&#8221;default&#8221; background_color=&#8221;#f6f7fb&#8221; global_colors_info=&#8221;{}&#8221; custom_padding=&#8221;6px||4px|||&#8221; custom_margin=&#8221;||-2px|||&#8221;][et_pb_row _builder_version=&#8221;4.16&#8243; _module_preset=&#8221;default&#8221; width=&#8221;100%&#8221; global_colors_info=&#8221;{}&#8221;][et_pb_column type=&#8221;4_4&#8243; _builder_version=&#8221;4.16&#8243; _module_preset=&#8221;default&#8221; global_colors_info=&#8221;{}&#8221;][et_pb_slider arrows_custom_color=&#8221;#000000&#8243; dot_nav_custom_color=&#8221;#000000&#8243; _builder_version=&#8221;4.27.4&#8243; _module_preset=&#8221;default&#8221; body_font=&#8221;Montserrat||||||||&#8221; body_text_color=&#8221;#000000&#8243; body_font_size=&#8221;30px&#8221; body_line_height=&#8221;2em&#8221; background_color=&#8221;RGBA(0,0,0,0)&#8221; custom_padding=&#8221;0px||2px||false|false&#8221; body_font_size_tablet=&#8221;20px&#8221; body_font_size_phone=&#8221;14px&#8221; body_font_size_last_edited=&#8221;on|phone&#8221; body_text_shadow_style=&#8221;preset1&#8243; body_text_shadow_color=&#8221;RGBA(0,0,0,0)&#8221; global_colors_info=&#8221;{}&#8221;][et_pb_slide _builder_version=&#8221;4.27.4&#8243; _module_preset=&#8221;default&#8221; global_colors_info=&#8221;{}&#8221; sticky_transition=&#8221;on&#8221;]<\/p>\n<p>\u201c<em><strong>Nuestra visi\u00f3n es desarrollar sistemas simples, f\u00e1ciles de implementa<\/strong><\/em><span><em><strong>r<\/strong><\/em> <em>usando la experiencia conseguida todos estos a\u00f1os.<\/em><\/span>\u201d<\/p>\n<p>[\/et_pb_slide][et_pb_slide _builder_version=&#8221;4.27.4&#8243; _module_preset=&#8221;default&#8221; global_colors_info=&#8221;{}&#8221; sticky_transition=&#8221;on&#8221;]<\/p>\n<p><em>\u201cEn <strong>TurnoControl<\/strong>, cada soluci\u00f3n que ofrecemos refleja nuestro compromiso con la excelencia y nuestra pasi\u00f3n por crear herramientas que realmente aporten valor a quienes conf\u00edan en nosotros.\u201d<\/em><\/p>\n<p>[\/et_pb_slide][\/et_pb_slider][\/et_pb_column][\/et_pb_row][\/et_pb_section][et_pb_section fb_built=&#8221;1&#8243; _builder_version=&#8221;4.27.4&#8243; _module_preset=&#8221;default&#8221; background_color=&#8221;#FFFFFF&#8221; custom_margin=&#8221;||-42px|||&#8221; custom_padding=&#8221;0px|||||&#8221; global_module=&#8221;253&#8243; locked=&#8221;off&#8221; global_colors_info=&#8221;{}&#8221;][et_pb_row _builder_version=&#8221;4.27.4&#8243; _module_preset=&#8221;default&#8221; width=&#8221;10%&#8221; custom_margin_tablet=&#8221;-30px||40px||false|false&#8221; custom_margin_phone=&#8221;-31px||||false|false&#8221; custom_margin_last_edited=&#8221;on|phone&#8221; global_colors_info=&#8221;{}&#8221;][et_pb_column type=&#8221;4_4&#8243; _builder_version=&#8221;4.27.4&#8243; _module_preset=&#8221;default&#8221; global_colors_info=&#8221;{}&#8221;][et_pb_image src=&#8221;http:\/\/turnocontrol.com\/wp-content\/uploads\/2025\/01\/Logo.png&#8221; alt=&#8221;Logo TurnoControl&#8221; title_text=&#8221;Logo TurnoControl&#8221; force_fullwidth=&#8221;on&#8221; show_bottom_space_tablet=&#8221;&#8221; show_bottom_space_phone=&#8221;&#8221; show_bottom_space_last_edited=&#8221;on|tablet&#8221; _builder_version=&#8221;4.27.4&#8243; _module_preset=&#8221;default&#8221; transform_scale_tablet=&#8221;350%|350%&#8221; transform_scale_phone=&#8221;500%|500%&#8221; transform_scale_last_edited=&#8221;on|desktop&#8221; transform_translate_tablet=&#8221;&#8221; transform_translate_phone=&#8221;&#8221; transform_translate_last_edited=&#8221;on|tablet&#8221; transform_rotate_tablet=&#8221;&#8221; transform_rotate_phone=&#8221;&#8221; transform_rotate_last_edited=&#8221;on|tablet&#8221; transform_skew_tablet=&#8221;&#8221; transform_skew_phone=&#8221;&#8221; transform_skew_last_edited=&#8221;on|tablet&#8221; transform_origin_tablet=&#8221;&#8221; transform_origin_phone=&#8221;&#8221; transform_origin_last_edited=&#8221;on|tablet&#8221; transform_styles_last_edited=&#8221;on|desktop&#8221; min_height_tablet=&#8221;auto&#8221; min_height_phone=&#8221;auto&#8221; min_height_last_edited=&#8221;on|desktop&#8221; custom_margin=&#8221;20px||18px||false|false&#8221; transform_styles_tablet=&#8221;&#8221; transform_styles_phone=&#8221;&#8221; global_colors_info=&#8221;{}&#8221;][\/et_pb_image][\/et_pb_column][\/et_pb_row][et_pb_row _builder_version=&#8221;4.27.4&#8243; _module_preset=&#8221;default&#8221; width=&#8221;60%&#8221; custom_margin_tablet=&#8221;-31px||||false|false&#8221; custom_margin_phone=&#8221;-31px||||false|false&#8221; custom_margin_last_edited=&#8221;on|phone&#8221; custom_padding=&#8221;||17px|||&#8221; global_colors_info=&#8221;{}&#8221;][et_pb_column type=&#8221;4_4&#8243; _builder_version=&#8221;4.27.4&#8243; _module_preset=&#8221;default&#8221; global_colors_info=&#8221;{}&#8221;][et_pb_text content_tablet=&#8221;<\/p>\n<h5 style=%22text-align: center;%22><strong>(34) 934 462 015<\/strong><\/h5>\n<h5 style=%22text-align: center;%22><strong><\/strong><strong><a href=%22mailto:comercial@turnocontrol.com%22>comercial@turnocontrol.com<\/a><\/strong><strong><\/strong><\/h5>\n<h5 style=%22text-align: center;%22><strong>Carrer de Sant Leopold, 62 Bis, 08221 Terrassa, Barcelona<\/strong><\/h5>\n<p>&#8221; content_phone=&#8221;<\/p>\n<h5 style=%22text-align: center;%22><strong>(34) 934 462 015<\/strong><\/h5>\n<h5 style=%22text-align: center;%22><strong><\/strong><strong><a href=%22mailto:comercial@turnocontrol.com%22>comercial@turnocontrol.com<\/a><\/strong><strong><\/strong><\/h5>\n<h5 style=%22text-align: center;%22><strong>Carrer de Sant Leopold, 62 Bis, 08221 Terrassa, Barcelona<\/strong><\/h5>\n<p>&#8221; content_last_edited=&#8221;on|phone&#8221; _builder_version=&#8221;4.27.4&#8243; _module_preset=&#8221;default&#8221; text_font=&#8221;|600|||||||&#8221; text_font_size=&#8221;10px&#8221; text_line_height=&#8221;1.6em&#8221; custom_margin=&#8221;-33px|||0px|false|false&#8221; custom_margin_tablet=&#8221;|||0px|false|false&#8221; custom_margin_phone=&#8221;|||0px|false|false&#8221; custom_margin_last_edited=&#8221;on|tablet&#8221; global_colors_info=&#8221;{}&#8221;]<\/p>\n<h5 style=\"text-align: center;\"><strong>(34) 934 462 015<\/strong><\/h5>\n<h5 style=\"text-align: center;\"><strong><\/strong><strong><a href=\"mailto:comercial@turnocontrol.com\">comercial@turnocontrol.com<\/a><\/strong><strong><\/strong><\/h5>\n<h5 style=\"text-align: center;\"><strong>Carrer de Sant Leopold, 62 Bis, 08221 Terrassa, Barcelona<\/strong><\/h5>\n<p>[\/et_pb_text][\/et_pb_column][\/et_pb_row][et_pb_row _builder_version=&#8221;4.27.4&#8243; _module_preset=&#8221;default&#8221; custom_padding=&#8221;0px|||||&#8221; global_colors_info=&#8221;{}&#8221;][et_pb_column type=&#8221;4_4&#8243; _builder_version=&#8221;4.27.4&#8243; _module_preset=&#8221;default&#8221; global_colors_info=&#8221;{}&#8221;][et_pb_text _builder_version=&#8221;4.27.4&#8243; _dynamic_attributes=&#8221;content&#8221; _module_preset=&#8221;2e1ca0a8-a515-4ca3-8814-65eea4b82393&#8243; text_line_height=&#8221;2em&#8221; link_text_color=&#8221;#666666&#8243; link_line_height=&#8221;2em&#8221; text_orientation=&#8221;center&#8221; text_orientation_tablet=&#8221;center&#8221; text_orientation_phone=&#8221;&#8221; text_orientation_last_edited=&#8221;on|phone&#8221; locked=&#8221;off&#8221; global_colors_info=&#8221;{}&#8221;]@ET-DC@eyJkeW5hbWljIjp0cnVlLCJjb250ZW50IjoiY3VycmVudF9kYXRlIiwic2V0dGluZ3MiOnsiYmVmb3JlIjoiQ29weXJpZ2h0IFx1MDBhOSAiLCJhZnRlciI6IiBUdXJub0NvbnRyb2wsIFMuTC4iLCJkYXRlX2Zvcm1hdCI6ImN1c3RvbSIsImN1c3RvbV9kYXRlX2Zvcm1hdCI6IlkifX0=@[\/et_pb_text][\/et_pb_column][\/et_pb_row][\/et_pb_section]<\/p>\n","protected":false},"excerpt":{"rendered":"<p>Quien\u00e9s SomosTurnoControl nace como una empresa especializada en la fabricaci\u00f3n de sistemas para el control de colas. A lo largo de estos a\u00f1os, hemos construido una s\u00f3lida red de clientes, nuestro activo m\u00e1s importante, a quienes ofrecemos productos de calidad que responden a las demandas del mercado actual. Con el tiempo, nuestras l\u00edneas de productos [&hellip;]<\/p>\n","protected":false},"author":1,"featured_media":0,"parent":7,"menu_order":0,"comment_status":"closed","ping_status":"closed","template":"","meta":{"_et_pb_use_builder":"on","_et_pb_old_content":"","_et_gb_content_width":"","footnotes":""},"class_list":["post-145","page","type-page","status-publish","hentry"],"_links":{"self":[{"href":"http:\/\/turnocontrol.com\/index.php?rest_route=\/wp\/v2\/pages\/145","targetHints":{"allow":["GET"]}}],"collection":[{"href":"http:\/\/turnocontrol.com\/index.php?rest_route=\/wp\/v2\/pages"}],"about":[{"href":"http:\/\/turnocontrol.com\/index.php?rest_route=\/wp\/v2\/types\/page"}],"author":[{"embeddable":true,"href":"http:\/\/turnocontrol.com\/index.php?rest_route=\/wp\/v2\/users\/1"}],"replies":[{"embeddable":true,"href":"http:\/\/turnocontrol.com\/index.php?rest_route=%2Fwp%2Fv2%2Fcomments&post=145"}],"version-history":[{"count":14,"href":"http:\/\/turnocontrol.com\/index.php?rest_route=\/wp\/v2\/pages\/145\/revisions"}],"predecessor-version":[{"id":370,"href":"http:\/\/turnocontrol.com\/index.php?rest_route=\/wp\/v2\/pages\/145\/revisions\/370"}],"up":[{"embeddable":true,"href":"http:\/\/turnocontrol.com\/index.php?rest_route=\/wp\/v2\/pages\/7"}],"wp:attachment":[{"href":"http:\/\/turnocontrol.com\/index.php?rest_route=%2Fwp%2Fv2%2Fmedia&parent=145"}],"curies":[{"name":"wp","href":"https:\/\/api.w.org\/{rel}","templated":true}]}}